{"version":"1.0","provider_name":"Zacc ","provider_url":"https:\/\/zacc.cafeblog.hu","author_name":"M\u00e1zli","author_url":"https:\/\/zacc.cafeblog.hu\/author\/gini-papp\/","title":"Fogyat\u00e9kkal \u00e9l. Val\u00f3ban?","html":"<h1><span style=\"font-family: georgia, palatino;font-size: medium\">Darragh McKenna, az els\u0151 Down-szindr\u00f3m\u00e1s polg\u00e1rmester<\/span><\/h1>\n<div>\n<div>\n<div>\n<div>\n\n<img alt=\"\" src=\"https:\/\/zacc.cafeblog.hu\/files\/2013\/10\/226678_495317860541805_1874824940_n1.jpg\" width=\"550\" height=\"284\" border=\"0\" \/>\n\nDarragh McKenna egy \u00edr v\u00e1roska,\u00a0<a href=\"http:\/\/www.borrisokane.com\/\">Borrisokane<\/a> 31 \u00e9ves lak\u00f3ja. Teljes \u00e1ll\u00e1sban dolgozik a csal\u00e1di v\u00e1llalkoz\u00e1sban m\u0171k\u00f6dtetett helyi kocsm\u00e1ban, emellett h\u00e9tszeres arany\u00e9rmes speci\u00e1lis olimpikon \u00e9s t\u00f6bbf\u00e9le sportot \u0171z hobbi szinten is. Szeret \u00e9nekelni, \u00e9s n\u00e9gy kuty\u00e1j\u00e1t gondozza. Darragh McKenna azonban valamiben vil\u00e1gels\u0151 is:\u00a0<strong>\u0151 az els\u0151 Down-szindr\u00f3m\u00e1s polg\u00e1rmester.<\/strong>\n\nA v\u00e1laszt\u00e1si kamp\u00e1ny hossz\u00fa volt \u00e9s f\u00e1rads\u00e1gos: nem \u00edg\u00e9retekkel kellett meggy\u0151zni a v\u00e1laszt\u00f3kat, hanem teljes\u00edtm\u00e9nnyel. Az \u00f6t jel\u00f6lt abban versengett, hogy ki tud t\u00f6bb adom\u00e1nyt \u00f6sszegy\u0171jteni a v\u00e1roska parkj\u00e1nak fel\u00faj\u00edt\u00e1s\u00e1ra: egy j\u00e1tsz\u00f3t\u00e9r \u00e9s egy t\u00f3 kialak\u00edt\u00e1s\u00e1ra, \u00f6sv\u00e9nyek \u00e9s hidak \u00e9p\u00edt\u00e9s\u00e9re.\nDarragh McKenna t\u00f6bb j\u00f3t\u00e9konys\u00e1gi rendezv\u00e9nyt szervezett \u00e9s szem\u00e9lyesen is felkereste a v\u00e1laszt\u00f3it. Az \u00f6t jel\u00f6lt \u00f6sszesen 45 000 fontot gy\u0171jt\u00f6tt a v\u00e1roska jav\u00e1ra, McKenna ebb\u0151l egymaga 22 550-et.\n\n(Gini Papp)\n\n(Forr\u00e1s: <a href=\"http:\/\/downegyesulet.hu\">Down Egyes\u00fclet<\/a>)\n\nNagy vihart kavart, el\u0151z\u0151 cikkem a t\u00e9m\u00e1ban: <a href=\"https:\/\/zacc.cafeblog.hu\/2013\/10\/06\/downos-a-kukaba\/\">ITT!<\/a>\n\n<\/div>\n<\/div>\n<\/div>\n<\/div>","type":"rich","thumbnail_url":"https:\/\/zacc.cafeblog.hu\/files\/2013\/10\/160-150x150.jpg","thumbnail_width":150,"thumbnail_height":150}

Mázli

Fogyatékkal él. Valóban?

<h1><span style="font-family: georgia, palatino;font-size: medium">Darragh McKenna, az első Down-szindrómás polgármester</span></h1>
<div>
<div>
<div>
<div>

<img alt="" src="https://zacc.cafeblog.hu/files/2013/10/226678_495317860541805_1874824940_n1.jpg" width="550" height="284" border="0" />

Darragh McKenna egy ír városka, <a href="http://www.borrisokane.com/">Borrisokane</a> 31 éves lakója. Teljes állásban dolgozik a családi vállalkozásban működtetett helyi kocsmában, emellett hétszeres aranyérmes speciális olimpikon és többféle sportot űz hobbi szinten is. Szeret énekelni, és négy kutyáját gondozza. Darragh McKenna azonban valamiben világelső is: <strong>ő az első Down-szindrómás polgármester.</strong>

A választási kampány hosszú volt és fáradságos: nem ígéretekkel kellett meggyőzni a választókat, hanem teljesítménnyel. Az öt jelölt abban versengett, hogy ki tud több adományt összegyűjteni a városka parkjának felújítására: egy játszótér és egy tó kialakítására, ösvények és hidak építésére.
Darragh McKenna több jótékonysági rendezvényt szervezett és személyesen is felkereste a választóit. Az öt jelölt összesen 45 000 fontot gyűjtött a városka javára, McKenna ebből egymaga 22 550-et.

(Gini Papp)

(Forrás: <a href="http://downegyesulet.hu">Down Egyesület</a>)

Nagy vihart kavart, előző cikkem a témában: <a href="https://zacc.cafeblog.hu/2013/10/06/downos-a-kukaba/">ITT!</a>

</div>
</div>
</div>
</div>
