{"version":"1.0","provider_name":"Zacc ","provider_url":"https:\/\/zacc.cafeblog.hu","author_name":"M\u00e1zli","author_url":"https:\/\/zacc.cafeblog.hu\/author\/gini-papp\/","title":"T\u00e9ged bejel\u00f6lt m\u00e1r Pet\u0151fi?","html":"&nbsp;\n\nA minap bejel\u00f6lt Pet\u0151fi S\u00e1ndor \u00e9s Prielle Korn\u00e9lia. Meglep\u0151dtem kicsit, de az\u00e9rt belen\u00e9ztem a profiljukba - elv\u00e9gre Kossuth Lajos nev\u0171 tan\u00edtv\u00e1nyom m\u00e1r volt - \u00e9s valami nagyon \u00e9rdekeset, \u00e9l\u0151t, izgalmasat tal\u00e1ltam. Azon vettem \u00e9szre magam, hogy m\u00e1r Aranyn\u00e1l j\u00e1rok \u00e9s olvasom az \u00e9letrajz\u00e1t egy Facebook profilon.\n\n<a href=\"https:\/\/zacc.cafeblog.hu\/files\/2013\/11\/Pet\u0151fi.jpg\"><img class=\"size-full wp-image-3781 aligncenter\" alt=\"Pet\u0151fi\" src=\"https:\/\/zacc.cafeblog.hu\/files\/2013\/11\/Pet\u0151fi.jpg\" width=\"376\" height=\"480\" \/><\/a>\n\nSokszor csin\u00e1lok olyan projektet, ahol a di\u00e1kok \u00e9rzik, hogy ez val\u00f3sz\u00edn\u0171leg hasznos lehet nekik, \u00e9s tisztess\u00e9gesen megcsin\u00e1lj\u00e1k. N\u00e9ha azt\u00e1n kifejezetten \u00e9lvezik, \u00e9s ez meg is l\u00e1tszik a v\u00e9gs\u0151 produktum min\u0151s\u00e9g\u00e9ben. Az al\u00e1bbi r\u00f6vid levelet k\u00fcld\u0151 Vajda \u00c9va projektj\u00e9b\u0151l viszont sug\u00e1rzik az, hogy mennyire szerethett\u00e9k ezt a gyerekek csin\u00e1lni.\n\n\u00cdme a lev\u00e9l, illetve n\u00e9h\u00e1ny Facebook profil:\n(<a href=\"https:\/\/www.facebook.com\/sandor.petofi.319?fref=ts\" target=\"_blank\"><strong>Pet\u0151fi S\u00e1ndor<\/strong><\/a>,\u00a0<a href=\"https:\/\/www.facebook.com\/arany.janos.355\" target=\"_blank\"><strong>Arany J\u00e1nos<\/strong><\/a>,<a href=\"https:\/\/www.facebook.com\/ferenc.kolcsey.77\" target=\"_blank\"><strong>K\u00f6lcsey Ferenc<\/strong><\/a>,\u00a0<a href=\"https:\/\/www.facebook.com\/vorosmarty.mihaly.7\" target=\"_blank\"><strong>V\u00f6r\u00f6smarty Mih\u00e1ly<\/strong><\/a>,\u00a0<a href=\"https:\/\/www.facebook.com\/kornelia.prielle\" target=\"_blank\"><strong>Prielle Korn\u00e9lia<\/strong><\/a>,\u00a0<strong><a href=\"https:\/\/www.facebook.com\/julia.szendrey.3\" target=\"_blank\">Szendrey J\u00falia<\/a>\u00a0-\u00a0<\/strong>a szerk.)\n\n&nbsp;\n\nKedves Koll\u00e9g\u00e1k!\nVajda \u00c9va vagyok, a budapesti Mad\u00e1ch Imre Gimn\u00e1ziumban tan\u00edtok irodalmat. Az emelt szint\u0171 csoportom projektj\u00e9r\u0151l \u00edrn\u00e9k n\u00e9h\u00e1ny sort.\n11. \u00e9vfolyamon n\u00e9gy-\u00f6t f\u0151s csoportokban dolgoztunk, XIX. sz\u00e1zadi k\u00f6lt\u0151k Facebook-profilj\u00e1t k\u00e9sz\u00edtett\u00fck el. A csoportok a k\u00f6lt\u0151k neveit kih\u00fazt\u00e1k, \u00e9s hat \u00f3r\u00e1ban, egy h\u00e9t alatt hozt\u00e1k l\u00e9tre a profilokat: K\u00f6lcseyt, V\u00f6r\u00f6smartyt, Pet\u0151fit, Aranyt.\nA feladat meghat\u00e1roz\u00e1s\u00e1ban az szerepelt, hogy a profilok alkalmazkodjanak a k\u00f6lt\u0151k szem\u00e9lyis\u00e9g\u00e9hez, \u00e9s felt\u00e9tlen\u00fcl tartalmazzanak sz\u00e9lesk\u00f6r\u0171 irodalmi-k\u00f6z\u00e9leti i ismereteket.\n(L\u00e9trehoztak t\u00f6bbek k\u00f6z\u00f6tt Prielle Korn\u00e9lia, Szendrey J\u00falia profilt is, hogy a kommenteket b\u0151v\u00edthess\u00e9k.)\nA di\u00e1kok bevall\u00e1sa szerint nagyon sokat tanultak az egy h\u00e9t alatt, rengeteg szakirodalmat olvastak el, hogy hiteles legyen az adott profil.\n\n(Forr\u00e1s: <a href=\"http:\/\/tanarblog.hu\/projektek-oravazlatok\/3769-petfi-arany-es-kortarsaik-a-facebook-on\">Tan\u00e1rblog<\/a>)\n\nEz az \u00f6tlet remek. A projekt l\u00e9nyege a t\u00e9m\u00e1ban val\u00f3 elm\u00e9ly\u00fcl\u00e9s KREAT\u00cdV m\u00f3don. Mindenk\u00e9ppen eredm\u00e9ny, ha a mai kor gyermeke foglalkozik a magyar irodalom nagyjaival. \u00c9s ha a Facebook n\u00e9lk\u00fcl nem megy, akkor menjen \u00edgy...\n\nAprop\u00f3, fel is veszem gyorsan ismer\u0151seimnek \u0150ket! \u00a0:)","type":"rich","thumbnail_url":"https:\/\/zacc.cafeblog.hu\/files\/2013\/11\/Pet\u0151fi-150x150.jpg","thumbnail_width":150,"thumbnail_height":150}

Mázli

Téged bejelölt már Petőfi?

&nbsp;

A minap bejelölt Petőfi Sándor és Prielle Kornélia. Meglepődtem kicsit, de azért belenéztem a profiljukba - elvégre Kossuth Lajos nevű tanítványom már volt - és valami nagyon érdekeset, élőt, izgalmasat találtam. Azon vettem észre magam, hogy már Aranynál járok és olvasom az életrajzát egy Facebook profilon.

<a href="https://zacc.cafeblog.hu/files/2013/11/Petőfi.jpg"><img class="size-full wp-image-3781 aligncenter" alt="Petőfi" src="https://zacc.cafeblog.hu/files/2013/11/Petőfi.jpg" width="376" height="480" /></a>

Sokszor csinálok olyan projektet, ahol a diákok érzik, hogy ez valószínűleg hasznos lehet nekik, és tisztességesen megcsinálják. Néha aztán kifejezetten élvezik, és ez meg is látszik a végső produktum minőségében. Az alábbi rövid levelet küldő Vajda Éva projektjéből viszont sugárzik az, hogy mennyire szerethették ezt a gyerekek csinálni.

Íme a levél, illetve néhány Facebook profil:
(<a href="https://www.facebook.com/sandor.petofi.319?fref=ts" target="_blank"><strong>Petőfi Sándor</strong></a>, <a href="https://www.facebook.com/arany.janos.355" target="_blank"><strong>Arany János</strong></a>,<a href="https://www.facebook.com/ferenc.kolcsey.77" target="_blank"><strong>Kölcsey Ferenc</strong></a>, <a href="https://www.facebook.com/vorosmarty.mihaly.7" target="_blank"><strong>Vörösmarty Mihály</strong></a>, <a href="https://www.facebook.com/kornelia.prielle" target="_blank"><strong>Prielle Kornélia</strong></a>, <strong><a href="https://www.facebook.com/julia.szendrey.3" target="_blank">Szendrey Júlia</a> - </strong>a szerk.)

&nbsp;

Kedves Kollégák!
Vajda Éva vagyok, a budapesti Madách Imre Gimnáziumban tanítok irodalmat. Az emelt szintű csoportom projektjéről írnék néhány sort.
11. évfolyamon négy-öt fős csoportokban dolgoztunk, XIX. századi költők Facebook-profilját készítettük el. A csoportok a költők neveit kihúzták, és hat órában, egy hét alatt hozták létre a profilokat: Kölcseyt, Vörösmartyt, Petőfit, Aranyt.
A feladat meghatározásában az szerepelt, hogy a profilok alkalmazkodjanak a költők személyiségéhez, és feltétlenül tartalmazzanak széleskörű irodalmi-közéleti i ismereteket.
(Létrehoztak többek között Prielle Kornélia, Szendrey Júlia profilt is, hogy a kommenteket bővíthessék.)
A diákok bevallása szerint nagyon sokat tanultak az egy hét alatt, rengeteg szakirodalmat olvastak el, hogy hiteles legyen az adott profil.

(Forrás: <a href="http://tanarblog.hu/projektek-oravazlatok/3769-petfi-arany-es-kortarsaik-a-facebook-on">Tanárblog</a>)

Ez az ötlet remek. A projekt lényege a témában való elmélyülés KREATÍV módon. Mindenképpen eredmény, ha a mai kor gyermeke foglalkozik a magyar irodalom nagyjaival. És ha a Facebook nélkül nem megy, akkor menjen így...

Apropó, fel is veszem gyorsan ismerőseimnek Őket!  :)

https://zacc.cafeblog.hu/files/2013/11/Petőfi-150x150.jpg
